*3/3 + w**2 - 28*w. Calculate d(3).
-1
Let m(w) = w**3 - 10*w**2 + 12*w - 21. Let q be m(9). Let f(i) = -i**2 + 8*i - 8. Determine f(q).
4
Suppose 0 = -r + 5*w + 8, 5*r + 5*w - 10 = 0. Let a(i) = i**2 + 3*i**2 - i**r - 4 + 6. Determine a(4).
2
Suppose j - 4 = 3*l + 9, 4*l + 14 = j. Let y = -6 + j. Let r(h) be the first derivative of -h**3/3 + 3*h**2 - 3*h + 2. Calculate r(y).
5
Let v(c) = 3*c**2 + c - 1. Suppose 4 = -2*q - 0*q. Let w(n) = -13*n**2 - 5*n + 5. Let y(x) = q*w(x) - 9*v(x). Calculate y(3).
-7
Let v(p) be the first derivative of -p**2/2 + 2*p - 7. What is v(-5)?
7
Let j(u) be the second derivative of -u**3/6 + 7*u**2/2 + 6*u. Give j(-5).
12
Let g(y) = -y**3 - 8*y**2 + 9*y - 2. Let z be g(-9). Let d(k) = k**2 - k - 1. Determine d(z).
5
Let s(d) be the first derivative of d**2/2 - 3. Let m(x) = 2*x. Let f(l) = -3*m(l) + 2*s(l). What is f(-1)?
4
Let m(d) = -662 + 658 - d - 4*d + 2*d**2. Calculate m(4).
8
Let d(b) = -b - 3. Let m be d(-2). Let n(g) = 6*g + 8. Let j(s) = -s - 1. Let q(f) = m*n(f) - 8*j(f). Let u be 2/(-4)*(-3 + 7). Determine q(u).
-4
Suppose 4*q = q. Suppose -3*d - 12 = -q. Let r(y) = y + 1. What is r(d)?
-3
Let a = 28 + -18. Let d(n) = -a*n + 4 + 17*n - 10*n. Calculate d(5).
-11
Let n(c) = 156*c + 160*c - 4 - 315*c. Calculate n(5).
1
Let b(w) = 3 + 4*w + 3 - 7. Give b(1).
3
Let v(s) = -4*s - 5. Let q be 8/(-28) - (-60)/14. Let w(p) = 5 + q - 3 + p - 4. Let m(d) = -2*v(d) - 7*w(d). Give m(-5).
-9
Let u = -4 - -6. Suppose -7 = u*m + 5. Let l(i) be the second derivative of i**4/12 + i**3 + 5*i**2/2 + 2*i. Give l(m).
5
Let h be (1 - 5)/(-2*1). Let t(m) = -m**2 + h*m - 2 - 1 - 2*m**2 + m**3. Calculate t(2).
-3
Let f(y) be the third derivative of -y**5/60 - y**4/4 + y**3/2 - 11*y**2. What is f(-4)?
11
Let c(v) be the third derivative of v**4/24 + v**3/6 + 3*v**2. Determine c(-6).
-5
Let u be 11/2 - 2/4. Let g(r) be the first derivative of r**2/2 - 10*r - 13. Calculate g(u).
-5
Let k(r) = r**2 + 2*r. Suppose -3*v - 2 = 7. Determine k(v).
3
Let s = 5 - 2. Let u(i) = -7*i - i**s + 0*i**3 + 5*i**2 + 0*i**3 + 4. What is u(4)?
-8
Let r(i) = 3*i**3 + 6*i**2 - 3*i - 6. Let z(j) = j**3 + j**2 - j - 1. Let u(g) = -r(g) + 2*z(g). Let o = 3 + -6. Determine u(o).
-8
Let c(a) be the first derivative of -a**4/4 + a**2/2 - 3*a + 1. Suppose -2*w = 2*w. Determine c(w).
-3
Let j(t) = -t + 6. Let v be j(6). Let x(i) = -2 + 4*i + v - 5 + i**2. Calculate x(-6).
5
Let a(f) = 4*f - 1. Let r be (8 - 5)/(2/6). Suppose 4*n - n = r. Give a(n).
11
Let h(f) = -f**3 + 3*f**2 + 4*f. Let a be (-5)/10 + 18/4. Determine h(a).
0
Let c(t) = -6*t - 2*t**2 + 3*t**2 - 43 + 38. Calculate c(7).
2
Let y(k) = -k**2 - 5*k - 3. Suppose 0 = 2*s + 3*v - 0*v + 12, 3*s + 18 = -5*v. Give y(s).
-9
Let v(w) be the first derivative of -w**5/60 - w**4/8 - w**2/2 - 1. Let i(b) be the second derivative of v(b). Calculate i(-5).
-10
Let f = -21 + 28. Let d(g) = -g**3 + 8*g**2 - 6*g - 9. Determine d(f).
-2
Let w be 4/10 + 115/25. Let a(z) = -z**2 + 6*z - 6. What is a(w)?
-1
Let k(n) = n**2. Let v = 17 - 14. Suppose 1 = v*x - 2*x. Give k(x).
1
Let x(g) = g**3 - 3*g**2 - 6*g + 1. Suppose -c + 1 = 0, 5*w - 5*c = 9 + 6. Determine x(w).
-7
Let n(f) = 7*f**2 - 4*f + 5. Let p(s) = 13*s**2 - 7*s + 9. Let t(x) = -11*n(x) + 6*p(x). What is t(1)?
2
Let k = 0 - -4. Let x = -2 - k. Let a(l) = -l**2 - 6*l - 1. Calculate a(x).
-1
Let g be (12/9)/(6/(-27)). Let i(h) = -h - 7. Determine i(g).
-1
Let d(g) = -g + 4. Let c = 0 + 3. What is d(c)?
1
Suppose l + 5 = 0, -7*u = -6*u - 2*l - 13. Let g(h) = 5*h + 4*h**2 + 4 + h**2 - h**2 + h**u. Calculate g(-3).
-2
Let o(q) = 2*q**3 - 5*q**2 + 5*q - 4. Let l be (-18)/(-15)*10/4. Give o(l).
20
Let s(a) = 4 - 1 - 4*a - 1 - 3. Let z(q) = -5*q. Let w(t) = -4*s(t) + 3*z(t). Give w(-5).
-1
Let o(j) = -4 + 3 - 4*j + 3 - 1. What is o(1)?
-3
Let k(z) = -6*z - 4*z + 14*z - 6*z. Determine k(6).
-12
Let g(y) = 1. Let m(k) = 2*k**2 - k. Let v be m(-1). Let u(n) = v*n - 5 + n - 5*n. Let z(d) = 4*g(d) + u(d). Give z(0).
-1
Let m(o) = o + 2. Let z be m(5). Let v(y) = z + 6*y + 9*y + y**2 - 7*y. Suppose 3*g + 5 = 2*x - 2*g, -5*g = -3*x. Calculate v(x).
-8
Let n(a) = -6*a**2 + 3*a - 3. Suppose -12*q + 14*q - 4 = 0. Give n(q).
-21
Let n be (-4)/10 - 16/10. Let g(p) = p - 2. Let m(c) = -1. Let x(w) = 3*g(w) - 6*m(w). Determine x(n).
-6
Let s(f) = f**2 + 6*f + 5. Let l(u) = -u**2 - 9*u - 8. Let p(h) = 5*l(h) + 8*s(h). Calculate p(-2).
6
Let p be (-4)/22 + (-168)/44. Let u(o) = 11*o**2 + 26*o + 17. Let g(x) = -7*x**2 - 17*x - 11. Let q(h) = -8*g(h) - 5*u(h). Determine q(p).
-5
Let u(k) be the second derivative of -k**3/6 + 7*k**2/2 - 25*k. What is u(7)?
0
Let a(q) be the second derivative of q**5/20 + q**4/12 - q**2/2 - 3*q. Determine a(-2).
-5
Let x(g) = g**3 - 4*g**2 + 4*g - 4. Let c be x(3). Let p = c + 1. Let z(w) be the first derivative of w**4/4 + w**3/3 + w**2/2 + 4*w + 85. Determine z(p).
4
Let j = -8 + 13. Let g(a) be the first derivative of a**4/4 - 2*a**3 + 5*a**2/2 + a - 5. What is g(j)?
1
Let b(o) = 4*o + 4. Let d(g) = 4*g + 5. Let k(i) = -i**3 + i**2 + 2*i - 4. Let q be k(2). Let c(f) = q*d(f) + 5*b(f). Calculate c(-4).
-16
Let h = -23 + 22. Let k(j) = j**2 + j + 1. What is k(h)?
1
Let z(a) = 2*a**3 - 33*a**2 + 15*a + 18. Let x be z(16). Let h(m) be the first derivative of 3*m - 1/3*m**3 + 1 + 1/2*m**x. Give h(4).
-9
Let b(k) = 17 + 11 - k - 26. Determine b(6).
-4
Let c(x) = 2*x + 4 - 5 + 5 + 0. Suppose 0 = -s - 2 - 3. Give c(s).
-6
Let c(j) = j**2 + j + 1. Let u(a) = a**3 - 5*a**2 + 3*a - 6. Let s(g) = -c(g) - u(g). Determine s(4).
-11
Let x(l) = l**3 + 5*l**2 + 5*l + 2. Suppose 3 = 7*w - 4*w + 3*v, -2 = 2*w - 2*v. Suppose 18 = -6*p - w*p. Determine x(p).
5
Let y(n) = -2*n**2 + 2*n. Let t = -4 - -6. Suppose l + t = -0. Calculate y(l).
-12
Suppose 5*c - 13 = 3*w, -w + 0*w = -4*c + 9. Suppose 5*x + 7 = c. Let m(v) = 12*v**2 + 2*v**2 + 2*v + 2 - 1. Determine m(x).
13
Let l(w) be the third derivative of -w**8/20160 - w**7/1260 + 7*w**6/720 - w**5/60 - 3*w**2. Let d(f) be the third derivative of l(f). Give d(-5).
2
Let u(b) = -b**2 + 10*b - 5. Let j(p) = -p**3 + 3*p**2 + 5*p - 6. Let y be j(3). Determine u(y).
4
Let q(f) = 19*f - 33*f + 5 + 16*f. Give q(-6).
-7
Let d(j) = j**2 + 4*j + 1. Let p be d(-4). Let w be (0 - 2 - -2)*p. Suppose w = h + 5*r + 6, -3*h + 5*r + 23 - 1 = 0. Let i(x) = -x - 2. What is i(h)?
-6
Let m(z) be the second derivative of z**5/20 - 5*z**4/12 + z**3/3 - z**2/2 - 6*z. What is m(5)?
9
Let x = -2 + 2. Suppose -2*q - 22 = 5*p, x = -3*q - 2*p - 7 - 15. Let s(i) = -i**3 - 7*i**2 - 7*i - 5. Let l be s(q). Let y(h) = 8*h + 1. Determine y(l).
9
Suppose -4*f - 5*r = -30, -2*r - 21 = 3*f - 8*f. Let a = f - 3. Let x(j) = 0*j**a + j + j**2 + 2 + 4*j. Determine x(-3).
-4
Suppose 4*j = m + 27, -3*m - 15 = -6*m. Suppose -j = -i - 5. Let f(t) = -t**2 + 4*t - 2. Calculate f(i).
1
Let w(s) = -s**2 + 7*s + 7. Let b = 40 + -32. Give w(b).
-1
Let k(d) = -d**3 + 1. Let y = -10 - -6. Let x be 7/(-28) + (-2)/(-8). Let f be 3 - x - (-2 - y). Give k(f).
0
Let h(o) be the second derivative of -o**3/6 - 5*o**2 + o. Let q = 9 - 5. Suppose q*c - 5*w = -15, -3*c + w - 5*w - 19 = 0. Calculate h(c).
-5
Let j(i) = i**3 - 4*i**2 - 7*i + 7. Suppose 0 = -p + l + l + 3, p - 4*l = 1. Suppose p = m + 3. Let q be m - 0 - (-5 - -2). Calculate j(q).
-3
Let m(j) be the first derivative of -5*j**2/2 + j + 4. Suppose -5*u - 27 = -3*k - u, 4*k - 5*u = 35. Suppose k*q = 5 - 0. Determine m(q).
-4
Let s(j) = j**3 - 2*j**2 + j + 2. Let y be (-2)/(-2) - -2 - -2. Suppose -y*n + 6 = -4. Give s(n).
4
Let v(q) = q + 5. Let z(k) = 4*k**3 + 3*k**2 + k + 1. Let l be z(-2). Let g be 132/l + 2/7. What is v(g)?
-1
Let g(q) = q**3 - q**2 - 17*q + 17. Let f be g(4). Let j(h) = -9*h**2 - 23*h - 1. Let b(x) = 3*x**2 + 8*x. Let v(w) = -8*b(w) - 3*j(w). What is v(f)?
15
Suppose -2*k + 3*w - 7 - 1 = 0, -2*k = 5*w - 24. Let v(f) = k + 2*f + f**2 - 5 - 2*f**2. What is v(3)?
-6
Let u(j) = -2*j - 1. Let g be u(-2). Let b(a) = 3 - g - 2 + 3*a + 1. What is b(-2)?
-7
Let r be 172/10 + 5/(-25). Let b = r + -12. Let n(t) = t - 5. Determine n(b).
0
Let k(h) = h - 1. Let a(f) = -3*f + 3. Let r(b) = 6*a(b) + 17*k(b). Calculate r(9).
-8
Let c(n) = -n - 2. Let o(k) = 3*k + 5. Suppose 0*f + 3*r - 17 = -f, -5*f - 5*r = -65. L